3
3451 (base 16) to base 7
54022
Convert 1202301 (base 4) to base 2.
1100010110001
What is -7ab (base 15) in base 5?
-23421
Convert 656a (base 13) to base 10.
14115
Convert -d28 (base 16) to base 13.
-16c1
-3dbb (base 14) to base 16
-2ac1
Convert 251 (base 7) to base 5.
1014
Convert 8644 (base 12) to base 5.
432430
What is 2852 (base 16) in base 8?
24122
-11000110110111 (base 2) to base 10
-12727
94 (base 14) to base 7
244
What is 34 (base 11) in base 5?
122
51784 (base 9) to base 15
a1d7
2a2 (base 14) to base 3
201210
-2011 (base 6) to base 8
-667
Convert 22000203 (base 4) to base 12.
1b883
What is -65c4 (base 15) in base 14?
-7bdd
Convert 200 (base 13) to base 2.
101010010
10032230 (base 4) to base 9
25678
67b (base 13) to base 14
59a
10253 (base 6) to base 5
21101
Convert -4240 (base 7) to base 16.
-5da
Convert -13045 (base 10) to base 2.
-11001011110101
Convert 1502 (base 7) to base 2.
1001001110
Convert -342332 (base 5) to base 16.
-2fb9
Convert 1493 (base 16) to base 8.
12223
Convert 5520 (base 7) to base 2.
11110110110
Convert -16755 (base 11) to base 16.
-5bee
Convert -1325 (base 10) to base 8.
-2455
Convert 53e (base 16) to base 6.
10114
-a09 (base 14) to base 7
-5512
What is 7b7 (base 14) in base 10?
1533
What is 428 (base 12) in base 6?
2452
Convert -89a (base 12) to base 4.
-103312
What is -2550 (base 7) in base 11?
-7a9
Convert -938 (base 16) to base 10.
-2360
-460 (base 11) to base 4
-20212
What is 1000000001 (base 2) in base 16?
201
What is -10872 (base 10) in base 15?
-334c
10101220 (base 3) to base 2
100110110001
Convert 3000 (base 6) to base 7.
1614
-1430 (base 15) to base 13
-1c74
Convert -1112111221 (base 3) to base 10.
-30265
Convert 22011100 (base 3) to base 8.
13475
10011110001 (base 2) to base 7
3455
Convert 77b (base 14) to base 11.
1127
-1010111010 (base 2) to base 9
-855
-297 (base 10) to base 16
-129
-110100110001 (base 2) to base 13
-16ca
Convert -403 (base 6) to base 3.
-12110
What is 1252 (base 8) in base 9?
837
25 (base 14) to base 15
23
What is -5c9 (base 16) in base 12?
-a35
41647 (base 9) to base 8
65556
What is -13723 (base 8) in base 7?
-23532
Convert -2002222 (base 4) to base 2.
-10000010101010
4333 (base 7) to base 13
919
Convert -2a13 (base 11) to base 5.
-111021
Convert -20133 (base 6) to base 5.
-41044
-614 (base 8) to base 9
-480
-126b (base 12) to base 7
-6056
Convert 101 (base 16) to base 10.
257
What is 3524 (base 11) in base 2?
1001000010000
What is -22211012 (base 3) in base 13?
-2c09
What is 14 (base 15) in base 10?
19
-40048 (base 9) to base 11
-18829
What is 115b (base 14) in base 7?
11544
What is -3496 (base 10) in base 9?
-4714
-18465 (base 13) to base 8
-133460
Convert -3b9 (base 14) to base 11.
-623
What is a93 (base 11) in base 15?
5c7
Convert -264 (base 14) to base 15.
-220
-168 (base 16) to base 6
-1400
Convert 110211 (base 4) to base 15.
5cc
Convert -142312 (base 5) to base 15.
-1b72
What is -55a (base 14) in base 4?
-100210
-22120022 (base 3) to base 14
-23c1
-361323 (base 7) to base 2
-1111111100110110
Convert -60 (base 16) to base 4.
-1200
-a75 (base 13) to base 2
-11011111010
302310 (base 4) to base 9
4413
What is -11224 (base 6) in base 3?
-2012021
What is -1000 (base 8) in base 3?
-200222
-102002 (base 3) to base 7
-605
-335 (base 10) to base 12
-23b
512 (base 11) to base 16
26a
-110110 (base 3) to base 14
-1a0
What is -630a (base 11) in base 14?
-3091
733 (base 8) to base 13
2a7
5551 (base 6) to base 2
10100001011
Convert -112110200 (base 3) to base 8.
-24464
What is -103201 (base 6) in base 14?
-314d
594 (base 12) to base 6
3504
-5353 (base 13) to base 9
-16764
20043 (base 7) to base 15
1673
10143 (base 7) to base 8
4661
235e (base 16) to base 5
242204
Convert 26b (base 13) to base 14.
227
What is -147 (base 11) in base 6?
-444
Convert -24114 (base 5) to base 15.
-7de
Convert 316a (base 15) to base 8.
24322
What is -2111011 (base 3) in base 2?
-11100010101
What is -4033 (base 5) in base 7?
-1340
221022 (base 3) to base 9
838
38779 (base 10) to base 15
b754
What is 1221020 (base 3) in base 5?
21120
What is 11010100000 (base 2) in base 5?
23241
21012 (base 3) to base 9
235
-32367 (base 9) to base 13
-99b8
What is -dea8 (base 15) in base 5?
-3002213
Convert -124216 (base 7) to base 16.
-5a34
Convert -4033 (base 5) to base 13.
-30b
What is 1414 (base 6) in base 10?
370
-239 (base 13) to base 14
-1d8
Convert -3171 (base 11) to base 6.
-31224
What is -1101010 (base 3) in base 12?
-6b6
-68454 (base 9) to base 14
-12871
Convert -22563 (base 7) to base 11.
-4383
407 (base 10) to base 8
627
32e7 (base 15) to base 7
43315
1001010100100 (base 2) to base 9
6482
What is -22d (base 14) in base 6?
-2001
223220 (base 4) to base 13
136a
What is -2024234 (base 5) in base 11?
-22933
What is 954 (base 15) in base 3?
2212221
What is -839 (base 13) in base 3?
-1220212
Convert -234232 (base 5) to base 6.
-104124
101001010011 (base 2) to base 10
2643
Convert 11633 (base 12) to base 10.
23367
What is -22322 (base 4) in base 14?
-37c
What is 101100110101010 (base 2) in base 10?
22954
What is 1435 (base 14) in base 9?
4812
What is 4326 (base 7) in base 14?
7bd
What is -100023 (base 6) in base 15?
-2496
19a (base 15) to base 8
562
Convert 11201 (base 4) to base 16.
161
Convert 42443 (base 5) to base 3.
10221102
-113031 (base 4) to base 6
-10513
-692 (base 10) to base 3
-221122
What is 4256 (base 7) in base 3?
2001222
What is 11103002 (base 4) in base 8?
52302
-150265 (base 7) to base 15
-88a7
146730 (base 8) to base 9
80251
1405 (base 6) to base 16
16d
26345 (base 8) to base 10
11493
What is -5a52 (base 13) in base 10?
-12742
What is -1265 (base 9) in base 4?
-32312
Convert -112221111 (base 3) to base 15.
-3364
2104 (base 7) to base 14
3ab
Convert -103221 (base 4) to base 6.
-5453
What is 3384 (base 14) in base 5?
241221
Convert -a989 (base 16) to base 11.
-2a676
What is 3250 (base 14) in base 6?
104130
What is -912 (base 16) in base 6?
-14430
-4216 (base 7) to base 14
-77d
What is 35023 (base 6) in base 8?
11567
-705 (base 11) to base 13
-507
What is 73f (base 16) in base 12?
10a7
What is -212002 (base 3) in base 13?
-38c
Convert -21306 (base 9) to base 6.
-145140
374 (base 13) to base 5
4402
What is -76 (base 8) in base 7?
-116
1034 (base 14) to base 9
3740
Convert -12838 (base 15) to base 7.
-334451
20122 (base 9) to base 13
6032
What is 8bd (base 15) in base 12?
118a
Convert -458 (base 16) to base 15.
-4e2
-1b1c (base 15) to base 16
-16f5
Convert 1645 (base 7) to base 2.
1010011110
b6 (base 15) to base 9
210
-11525 (base 9) to base 5
-221333
-11232 (base 4) to base 3
-111120
Convert 103301 (base 4) to base 2.
10011110001
Convert -2010021 (base 3) to base 6.
-11054
-112005 (base 6) to base 11
-7165
Convert -1221012012 (base 3) to base 6.
-452052
-1000000001011 (base 2) to base 13
-1b3c
Convert 514 (base 16) to base 2.
10100010100
-131332 (base 4) to base 8
-3576
What is 3123 (base 4) in base 11?
18a
Convert 23213 (base 9) to base 5.
443413
What is a8c (base 14) in base 16?
824
What is 5022 (base 6) in base 9?
1445
Convert 589 (base 13) to base 10.
958
What is 18a (base 14) in base 6?
1250
What is 5221 (base 10) in base 9?
7141
-310 (base 6) to base 4
-1302
Convert -3a5 (base 12) to base 10.
-557
What is -6114 (base 10) in base 15?
-1c29
Convert -110010111110 (base 2) to base 4.
-302332
Convert 26552 (base 7) to base 2.
1101111100110
What is 64 (base 7) in base 13?
37
What is 6403 (base 10) in base 2?
1100100000011
What is 174b (base 15) in base 7?
20432
Convert 2370a (base 11) to base 4.
20111110
Convert 16353 (base 7) to base 3.
20101000
415205 (base 6) to base 2
1000001100010101
What is -2c9 (base 13) in base 10?
-503
-222 (base 15) to base 9
-585
32133 (base 5) to base 15
998
What is -10111100111 (base 2) in base 6?
-10555
What is 2041231 (base 5) in base 14?
c525
-2582 (base 13) to base 8
-12341
Convert 6056 (base 16) to base 12.
12332
-5563 (base 7) to base 14
-a33
493 (base 13) to base 4
30130
174 (base 9) to base 10
148
Convert -1010100010 (base 2) to base 13.
-3cb
4237 (base 9) to base 15
dc7
-452 (base 7) to base 4
-3221
13912 (base 13) to base 8
107520
201433 (base 5) to base 11
4973
What is c673 (base 14) in base 7?
201503
Convert 1de (base 16) to base 6.
2114
What is -1010122 (base 3) i